
-42
In base 10, what is 5 + -335?
-330
In base 7, what is -3 + 55?
52
In base 12, what is -42 - -14b?
109
In base 14, what is -a + -2b?
-37
In base 6, what is 10250 + 0?
10250
In base 9, what is 8272 + -5?
8266
In base 7, what is 3 + 2056?
2062
In base 15, what is -2 - -100d?
100b
In base 7, what is -202 - -13?
-156
In base 15, what is -46 + -5?
-4b
In base 16, what is eb - 1a?
d1
In base 9, what is 24 - 225?
-201
In base 13, what is 54 + 5?
59
In base 6, what is -4 - 42?
-50
In base 3, what is 1102112 - 2?
1102110
In base 4, what is -13311 - -12?
-13233
In base 11, what is -14 + -727?
-740
In base 10, what is -12 - -3?
-9
In base 12, what is 3 + 3?
6
In base 5, what is 244241 - 3?
244233
In base 16, what is -ab - 18?
-c3
In base 3, what is 2 + 1111?
1120
In base 8, what is 546 - -5?
553
In base 7, what is 5 + -130?
-122
In base 10, what is -13 + -4?
-17
In base 4, what is 101 + 1?
102
In base 12, what is 10a0 - -1?
10a1
In base 13, what is -59 + -11?
-6a
In base 10, what is 1104 + -20?
1084
In base 14, what is 1 + -25c?
-25b
In base 2, what is -1 - -100101?
100100
In base 13, what is 3 + 6c?
72
In base 3, what is -121 - 1102012?
-1102210
In base 3, what is 12 + 1121?
1210
In base 9, what is -2 - 80?
-82
In base 7, what is -10 + 53?
43
In base 12, what is -2 - -31?
2b
In base 16, what is 20 - -25?
45
In base 14, what is 1ad5 + 3?
1ad8
In base 8, what is 1 + -76?
-75
In base 4, what is -302 + -13?
-321
In base 6, what is -1032 - 4?
-1040
In base 2, what is -101 - 1011001?
-1011110
In base 13, what is -8 + -c?
-17
In base 15, what is 2 - -26?
28
In base 10, what is 5 - -334?
339
In base 15, what is -1 - 0?
-1
In base 2, what is -100 + 10000001?
1111101
In base 7, what is -2 + -532?
-534
In base 14, what is -48b + 9?
-482
In base 4, what is -20332 - -1?
-20331
In base 4, what is -10 + 203?
133
In base 12, what is -22a + 3?
-227
In base 7, what is -44 + -63?
-140
In base 14, what is -3 - 210?
-213
In base 13, what is -10 + -11?
-21
In base 8, what is -11 + 30?
17
In base 5, what is 1 + -441?
-440
In base 15, what is 3 + -2a8?
-2a5
In base 9, what is 27 + 118?
146
In base 8, what is 135241 + -2?
135237
In base 11, what is 786 - 1?
785
In base 7, what is -42 + 32?
-10
In base 8, what is -5 + 2?
-3
In base 12, what is 74 + 0?
74
In base 2, what is -111010 - -11000?
-100010
In base 9, what is 53 + -14?
38
In base 14, what is -4 + -10?
-14
In base 3, what is -122001 + 101?
-121200
In base 16, what is 4f + -4?
4b
In base 4, what is 31 + 103?
200
In base 15, what is a + 28?
33
In base 4, what is 30 + -212?
-122
In base 3, what is 0 - -210?
210
In base 14, what is 1 + 2c?
2d
In base 3, what is -21222020 + 10?
-21222010
In base 2, what is 10011110010 + -1001?
10011101001
In base 11, what is 6 - -3?
9
In base 5, what is 23113 + 0?
23113
In base 5, what is 0 + -1224?
-1224
In base 8, what is 61524 + -5?
61517
In base 14, what is -41b - -5?
-416
In base 11, what is 4 + -a9?
-a5
In base 13, what is -5 + -101?
-106
In base 11, what is 5 + -16?
-11
In base 2, what is 101 - -100101?
101010
In base 10, what is 2 + 331?
333
In base 12, what is -10b6 + 1?
-10b5
In base 5, what is -110 - 4?
-114
In base 8, what is 6035 + 3?
6040
In base 16, what is -54 + 24?
-30
In base 10, what is -13 - -4?
-9
In base 7, what is -1 - 14?
-15
In base 9, what is -1 + -2?
-3
In base 3, what is -12 - -2001?
1212
In base 14, what is 72 - 3c?
34
In base 7, what is -255 + 0?
-255
In base 11, what is 5 + 986?
990
In base 10, what is -34 + 4?
-30
In base 15, what is 6 - -2?
8
In base 9, what is -2504 - 0?
-2504
In base 14, what is -73 + 56?
-1b
In base 9, what is 4 - 78?
-74
In base 14, what is 4 - 472?
-46c
In base 11, what is 12037 + -1?
12036
In base 5, what is 10 + 44?
104
In base 16, what is -11 + -1e?
-2f
In base 8, what is 0 - 45?
-45
In base 7, what is -35 + 500?
432
In base 13, what is 12 + 12?
24
In base 14, what is -5 - -12?
b
In base 14, what is -1 - 1a22?
-1a23
In base 3, what is 202220 - 110?
202110
In base 15, what is -1e + 6?
-18
In base 3, what is 120122 - 11?
120111
In base 2, what is 10 + -1111001110?
-1111001100
In base 5, what is 40110 - -2?
40112
In base 6, what is -5 - 32?
-41
In base 11, what is -7 + 11?
5
In base 11, what is -288 + -1?
-289
In base 10, what is 440 + 15?
455
In base 6, what is -4 - -1002?
554
In base 12, what is -8b6 - -1?
-8b5
In base 16, what is 3 - 17?
-14
In base 6, what is -22 - -121?
55
In base 5, what is -11 + -311?
-322
In base 7, what is -1 + 2154?
2153
In base 12, what is 3 + -138?
-135
In base 8, what is 154 + -2?
152
In base 3, what is 10 - -222?
1002
In base 11, what is -8 - 24?
-31
In base 13, what is -1 + -45?
-46
In base 15, what is 62a - -1?
62b
In base 5, what is 230 - -112?
342
In base 12, what is -7 + -b9?
-104
In base 14, what is -101 + 9?
-d6
In base 11, what is 3a - 5?
35
In base 14, what is 53 + b?
60
In base 2, what is 110100000 + -100?
110011100
In base 15, what is 80 + 71?
101
In base 15, what is -447 - -7?
-440
In base 15, what is 68e + 0?
68e
In base 14, what is -3 + 21?
1c
In base 10, what is -2 + -296?
-298
In base 13, what is b39 - 0?
b39
In base 11, what is -1871 - -5?
-1867
In base 4, what is -10 - 1000012?
-1000022
In base 11, what is 22687 + 1?
22688
In base 14, what is -2 - 31?
-33
In base 3, what is -12 + 211?
122
In base 12, what is -2 - a95?
-a97
In base 2, what is -1101100110011000 + 11?
-1101100110010101
In base 12, what is -463 - 3?
-466
In base 14, what is 0 + -7bb?
-7bb
In base 6, what is -10040 + -1?
-10041
In base 9, what is -21 - 7?
-28
In base 5, what is -2103 - -2?
-2101
In base 3, what is -2102001 + 2?
-2101222
In base 11, what is 6 - -104?
10a
In base 12, what is -32 - -6?
-28
In base 15, what is 5a8d - 4?
5a89
In base 7, what is -103 + 6?
-64
In base 12, what is -2 - -38?
36
In base 16, what is 5 - -115?
11a
In base 13, what is 13 + 51?
64
In base 13, what is 4 + -1?
3
In base 11, what is 0 - -179?
179
In base 12, what is 97 + -5?
92
In base 14, what is 14 + -23?
-d
In base 9, what is 21017 + 3?
21021
In base 7, what is 1 + 1444?
1445
In base 9, what is -10 - 230?
-240
In base 14, what is -2 + -14?
-16
In base 5, what is 113 - -2122?
2240
In base 2, what is -101111110 - -11?
-101111011
In base 6, what is 30 + -24?
2
In base 10, what is -7 + 577?
570
In base 3, what is 1211 - 10?
1201
In base 13, what is 6 - -c4b?
c54
In base 4, what is -1213 - 3?
-1222
In base 13, what is -10 + -4a?
-5a
In base 9, what is 2 - 6176?
-6174
In base 2, what is 1111100 - 11?
1111001
In base 14, what is -3 + -144?
-147
In base 12, what is 3 - -24?
27
In base 9, what is -1061 - 0?
-1061
In base 2, what is 10 - -111101?
111111
In base 6, what is -14255 + 3?
-14252
In base 3, what is -120011 + -2001?
-122012
In base 14, what is -1 - 20?
-21
In base 16, what is -1a + 1?
-19
In base 2, what is -101110101 + -11?
-101111000
In base 3, what is -200 - -110201?
110001
In base 15, what is 35c - -2?
35e
In base 9, what is -38 - -4?
-34
In base 2, what is 101 - 1101101111?
-1101101010
In base 9, what is -48 - -28?
-20
In base 16, what is 2f - -1a?
49
In base 6, what is 0 + -1023?
-1023
In base 8, what is -6666 - -5?
-6661
In base 11, what is 5 + -39?
-34
In base 9, what is 27 - -2?
30
In base 12, what is -3765 - 5?
-376a
In base 8, what is -2046 + -1?
-2047
In base 14, what is b60 + -5?
b59
In base 10, what is -54132 - -5?
-54127
In base 10, what is 804 + -5?
799
In base 11, what is -21a4 - 2?
-21a6
In base 8, what is -10621 - 5?
-10626
In base 8, what is -321 - 2?
-323
In base 8, what is 7 + -1255?
-1246
In base 9, what is -83 - 152?
-245
In base 10, what is 75 - 52?
23
In base 9, what is 24 - 1?
23
In base 10, what is -93 + -9?
-102
In base 2, what is 1110 + 11000?
100110
In base 9, what is -44 + -6?
-51
In base 6, what is 3 - -25304?
25311
In base 7, what is -4 - -4456?
4452
In base 9, what is -1 - 3?
-4
In base 9, what is 5 + -153?
-147
In base 16, what is -1282 + 4?
-127e
In base 10, what is -3 - -796?
793
In base 12, what is 485 + 0?
485
In base 4, what is 21 - -130200?
130221
In base 10, what is -1 + 19?
18
In base 15, what is -5 + -13a7?
-13ac
In base 8, what is 5 + 24?
31
In base 5, what is 111 + -4?
102
In base 14, what is -c82 - -1?
-c81
In base 4, what is 33332 - 10?
33322
In base 10, what is -95 + 24?
-71
In base 3,